ite number?
False
Is 387953 composite?
False
Is 5836997 a composite number?
False
Is 19022309 a composite number?
True
Is 38191451 composite?
True
Is 184638221 a prime number?
True
Is 264509251 a composite number?
False
Is 7649843 a composite number?
True
Is 2607887 a prime number?
False
Is 787909 a prime number?
False
Is 1558343 a prime number?
True
Is 12234073 composite?
False
Is 36324383 prime?
False
Is 1341071 composite?
False
Is 2498801 a composite number?
False
Is 47570755 composite?
True
Is 13435894 composite?
True
Is 35083307 composite?
True
Is 26203809 composite?
True
Is 12494029 prime?
True
Is 16158431 prime?
True
Is 12724282 a composite number?
True
Is 15791089 composite?
False
Is 2869541 composite?
False
Is 3186637 composite?
False
Is 5226209 prime?
False
Is 15802853 prime?
False
Is 8061457 a prime number?
False
Is 3641227 a composite number?
True
Is 90706981 prime?
True
Is 16965811 a composite number?
False
Is 7902559 a composite number?
True
Is 820931 composite?
True
Is 14727263 a composite number?
True
Is 49034743 a composite number?
False
Is 10754917 a prime number?
True
Is 3333373 a prime number?
True
Is 8696903 a composite number?
False
Is 2338897 a prime number?
False
Is 119121467 composite?
False
Is 2170871 composite?
False
Is 25923229 a composite number?
False
Is 1339993 prime?
True
Is 28582861 composite?
False
Is 5415451 composite?
False
Is 5249737 composite?
True
Is 4459409 composite?
False
Is 5914739 prime?
True
Is 132689 composite?
False
Is 69796399 a prime number?
True
Is 12386401 composite?
True
Is 100921729 composite?
False
Is 10651427 a prime number?
False
Is 1880537 a composite number?
False
Is 3257623 a composite number?
False
Is 23129147 composite?
True
Is 1310747 a prime number?
False
Is 1685969 composite?
True
Is 61120529 a composite number?
False
Is 1609969 prime?
True
Is 83951509 a composite number?
False
Is 32800667 composite?
True
Is 2351621 prime?
False
Is 406631 composite?
False
Is 40793029 composite?
False
Is 2579587 a prime number?
False
Is 12958919 composite?
False
Is 7721 composite?
True
Is 1619417 prime?
True
Is 7750051 prime?
True
Is 2084389 a prime number?
True
Is 4274521 a prime number?
True
Is 1193303 composite?
False
Is 175199831 prime?
True
Is 9487471 prime?
False
Is 43842827 prime?
False
Is 13461001 composite?
True
Is 5373817 a composite number?
True
Is 1420157 composite?
True
Is 1663499 a prime number?
False
Is 53968939 prime?
True
Is 221986813 a composite number?
False
Is 145484201 prime?
False
Is 126174361 a composite number?
False
Is 139375723 composite?
False
Is 90881867 a composite number?
False
Is 7369153 prime?
False
Is 82153081 prime?
False
Is 6771649 composite?
False
Is 231701 a composite number?
False
Is 342767389 composite?
False
Is 2693401 composite?
True
Is 108083285 a prime number?
False
Is 18887201 a composite number?
False
Is 2715787 a prime number?
True
Is 46664206 a composite number?
True
Is 132405613 composite?
True
Is 405709637 a composite number?
True
Is 7778383 a composite number?
True
Is 76087637 composite?
False
Is 3073861 prime?
False
Is 6959279 composite?
False
Is 36512963 a prime number?
True
Is 2592001 a composite number?
True
Is 6164159 a prime number?
True
Is 4731457 composite?
True
Is 727057 composite?
True
Is 884923 prime?
False
Is 68226107 prime?
True
Is 35678179 a prime number?
False
Is 56847101 a composite number?
False
Is 670926453 a composite number?
True
Is 1539929 composite?
True
Is 21723701 a prime number?
True
Is 20800697 prime?
False
Is 7342501 composite?
False
Is 542767 a prime number?
False
Is 36842401 prime?
False
Is 1743974 composite?
True
Is 121184801 composite?
True
Is 1199329 a prime number?
True
Is 120525061 prime?
False
Is 74427027 a composite number?
True
Is 21801271 a prime number?
True
Is 69094853 prime?
False
Is 13930841 prime?
False
Is 8596727 composite?
False
Is 18779077 a prime number?
True
Is 240528287 composite?
True
Is 562689379 prime?
False
Is 2348347 prime?
True
Is 26502317 a composite number?
True
Is 16363229 a prime number?
True
Is 343627 a composite number?
False
Is 5048701 a prime number?
False
Is 11476261 prime?
True
Is 177494761 a prime number?
False
Is 4309873 a prime number?
True
Is 2062504127 prime?
True
Is 35611421 prime?
True
Is 201395353 a composite number?
False
Is 21437981 composite?
True
Is 48212726 prime?
False
Is 6212341 a composite number?
True
Is 5731223 prime?
False
Is 21528371 a composite number?
False
Is 1446351 a composite number?
True
Is 147169637 a prime number?
False
Is 77339023 prime?
True
Is 56194 a composite number?
True
Is 2427783 prime?
False
Is 3315107 prime?
True
Is 5793847 prime?
True
Is 4882573 a composite number?
True
Is 2862527 composite?
True
Is 43087909 a composite number?
True
Is 575483867 composite?
True
Is 2579963 composite?
False
Is 127603291 composite?
False
Is 2772519 prime?
False
Is 7164307 a composite number?
False
Is 7605589 a prime number?
False
Is 188007569 a composite number?
True
Is 7039727 a prime number?
True
Is 8343493 a prime number?
False
Is 37394387 composite?
False
Is 495575329 a composite number?
False
Is 5490377 prime?
True
Is 1053191 a composite number?
False
Is 25795117 a prime number?
True
Is 575189 prime?
False
Is 5036939 a composite number?
False
Is 6374365 composite?
True
Is 135767299 composite?
True
Is 580733 a prime number?
True
Is 25726333 composite?
True
Is 497153 a prime number?
True
Is 9860423 a composite number?
True
Is 17596873 composite?
True
Is 78110929 composite?
True
Is 581289073 a composite number?
False
Is 65433821 a prime number?
True
Is 11046929 composite?
True
Is 14624411 a prime number?
True
Is 407040793 composite?
False
Is 6261655 a composite number?
True
Is 742783 prime?
True
Is 273360751 composite?
False
Is 2170472141 a prime number?
True
Is 988727 a composite number?
False
Is 146191003 composite?
True
Is 186558613 composite?
True
Is 182153 a prime number?
False
Is 348079241 prime?
False
Is 13365883 prime?
True
Is 944246 composite?
True
Is 636047 a composite number?
True
Is 34121341 a composite number?
False
Is 565443493 prime?
True
Is 54684074 a composite number?
True
Is 17562817 composite?
False
Is 162917713 prime?
False
Is 2914323 a composite number?
True
Is 27272501 composite?
True
Is 311880449 prime?
True
Is 72242791 prime?
True
Is 1187335 a prime number?
False
Is 7004117 prime?
True
Is 374925989 prime?
True
Is 3191453 composite?
False
Is 3117713 composite?
False
Is 67284793 composite?
True
Is 2810191 a composite number?
False
Is 2233481 prime?
True
Is 45014891 a prime number?
True
Is 22262837 a prime number?
True
Is 6484477 prime?
True
Is 83447323 a composite number?
False
Is 24328429 composite?
False
Is 101626807 composite?
False
Is 31919051 a composite number?
False
Is 7403951 a composite number?
True
Is 1456087 a composite number?
False
Is 112450771 a prime number?
True
Is 2117909 composite?
True
Is 9345113 composite?
False
Is 271085 composite?
True
Is 128533 composite?
True
Is 166806433 prime?
True
Is 2130469 prime?
False
Is 41370673 a prime number?
False
Is 2577283 prime?
True
Is 4299791 a composite number?
False
Is 568029853 a prime number?
True
Is 10452601 a prime number?
False
Is 57900667 composite?
True
Is 163074323 a prime number?
True
Is 6538351 a composite number?
False
Is 27051901 composite?
False
Is 393597109 a prime number?
True
Is 388659 a prime number?
False
Is 1402573 composite?
True
Is 2304857 composite?
False
Is 6804071 prime?
False
Is 52627 a prime number?
True
Is 35413003 a prime number?
True
Is 904246323 a prime number?
False
Is 28362083 a prime number?
False
Is 21912095 a composite number?
True
Is 442763 prime?
True
Is 9838097 a prime number?
True
Is 24072143 a prime number?
True
Is 5088511 composite?
False
Is 751117 a prime number?
False
Is 3401689 composite?
False
Is 2640739 composite?
False
Is 4917283 a composite number?
True
Is 26491154 a prime number?
False
Is 1427687 a composite number?
False
Is 548987 a prime number?
False
Is 711379 prime?
False
Is 3948521 a composite number?
False
Is 76730443 prime?
True
Is 6743017 a composite number?
False
Is 173039 composite?
False
Is 250894237 composite?
True
Is 3069489 prime?
False
Is 25117819 a prime number?
False
Is 36326891 a composite number?
False
Is 400971 c